{"id":176,"date":"2021-03-17T11:11:23","date_gmt":"2021-03-17T10:11:23","guid":{"rendered":"http:\/\/l8.wil.pk.edu.pl\/?page_id=176"},"modified":"2021-03-17T22:10:37","modified_gmt":"2021-03-17T21:10:37","slug":"oferta-dla-gospodarki","status":"publish","type":"page","link":"https:\/\/l8.wil.pk.edu.pl\/?page_id=176","title":{"rendered":"Oferta dla gospodarki"},"content":{"rendered":"\n<p><strong>Oferta wsp\u00f3\u0142pracy Katedry L-8 z gospodark\u0105<\/strong><\/p>\n\n\n\n<p class=\"has-vivid-red-color has-text-color\"><strong>W Katedrze wykonywane s\u0105 prace z zakresu in\u017cynierii parasejsmicznej:<\/strong><\/p>\n\n\n\n<ul class=\"wp-block-list\"><li>pomiary drga\u0144 gruntu i obiekt\u00f3w budowlanych, w tym tak\u017ce opracowanie i wykonanie system\u00f3w monitoringu drga\u0144,<\/li><li>prognozy wp\u0142yw\u00f3w dynamicznych (w szczeg\u00f3lno\u015bci parasejsmicznych) na obiekty budowlane,<\/li><li>oceny oddzia\u0142ywania drga\u0144 na \u015brodowisko (szkodliwo\u015bci drga\u0144 dla budynk\u00f3w i urz\u0105dze\u0144 w budynkach oraz wp\u0142ywu drga\u0144 na ludzi w budynkach),<\/li><li>ochrona przed drganiami obiekt\u00f3w budowlanych oraz ludzi w budynkach &#8211; m.in. projektowanie wibroizolacji w budynkach i w \u017ar\u00f3dle drga\u0144 (np. w nawierzchniach kolejowych i tramwajowych) oraz przegr\u00f3d wibroizolacyjnych w gruncie.<\/li><\/ul>\n\n\n\n<p class=\"has-vivid-red-color has-text-color\"><strong>Prace te dotycz\u0105 wszelkich rodzaj\u00f3w drga\u0144 mechanicznych, a w szczeg\u00f3lno\u015bci:<\/strong><\/p>\n\n\n\n<ul class=\"wp-block-list\"><li>drga\u0144 komunikacyjnych wywo\u0142anych przejazdami pojazd\u00f3w samochodowych, poci\u0105g\u00f3w, tramwaj\u00f3w, metra itp.<\/li><li>drga\u0144 wywo\u0142anych wbijaniem pali fundamentowych i \u015bcianek szczelnych w s\u0105siedztwie budynk\u00f3w oraz innymi robotami budowlanymi (prace wyburzeniowe, praca wibracyjnych walc\u00f3w drogowych itp.),<\/li><li>drga\u0144 pochodz\u0105cych od wszelkiego rodzaju wybuch\u00f3w, eksploatacji g\u00f3rniczej w kamienio\u0142omach, kopalniach (r\u00f3wnie\u017c wstrz\u0105sy g\u00f3rnicze) itp.<\/li><li>drga\u0144 spowodowanych prac\u0105 urz\u0105dze\u0144 mechanicznych znajduj\u0105cych si\u0119 wewn\u0105trz budynk\u00f3w (np. wentylator\u00f3w, sit wibracyjnych itp.) lub w ich s\u0105siedztwie (spr\u0119\u017carki, wibrom\u0142oty).<\/li><\/ul>\n\n\n\n<p class=\"has-vivid-red-color has-text-color\"><strong>Katedra oferuje tak\u017ce:<\/strong><\/p>\n\n\n\n<ul class=\"wp-block-list\"><li>badania statyczne i dynamiczne most\u00f3w,<\/li><li>analizy, obliczenia i badania dynamiczne fundament\u00f3w pod maszyny (w tym pod turbozespo\u0142y),<\/li><li>obliczenia i badania dynamiczne budowli wie\u017cowych, maszt\u00f3w z odci\u0105gami, wie\u017c wyci\u0105gowych kopal\u0144 itp.,<\/li><li>diagnostyk\u0119 komin\u00f3w przemys\u0142owych,<\/li><li>konsultacje r\u00f3\u017cnych problem\u00f3w dynamicznych.<\/li><\/ul>\n\n\n\n<p>Katedra wsp\u00f3\u0142pracuje z akredytowanym Laboratorium Badania Odkszta\u0142ce\u0144 i Drga\u0144 Budowli, wyposa\u017conym w specjalistyczn\u0105 aparatur\u0119 do rejestracji i analizy drga\u0144 mechanicznych oraz pomiar\u00f3w odkszta\u0142ce\u0144.<\/p>\n\n\n\n<p>W Katedrze pracuje wysoko &#8211; wykwalifikowana kadra specjalist\u00f3w &#8211; 8 profesor\u00f3w oraz osoby posiadaj\u0105ce pe\u0142ne uprawnienia budowlane. W Katedrze opracowano m.in. polskie normy:&nbsp;<\/p>\n\n\n\n<ul class=\"wp-block-list\"><li>PN-85\/B-02170 &#8222;Ocena szkodliwo\u015bci drga\u0144 przekazywanych przez pod\u0142o\u017ce na budynki&#8221;       i jej nowelizacj\u0119 PN-B-02170:2016-12 oraz<\/li><li>PN-88\/B-02171 &#8222;Ocena wp\u0142ywu drga\u0144 na ludzi w budynkach&#8221; i jej nowelizacj\u0119 PN-B-02171:2017-06.<\/li><\/ul>\n","protected":false},"excerpt":{"rendered":"<p>Oferta wsp\u00f3\u0142pracy Katedry L-8 z gospodark\u0105 W Katedrze wykonywane s\u0105 prace z zakresu in\u017cynierii parasejsmicznej: pomiary drga\u0144 gruntu i obiekt\u00f3w budowlanych, w tym tak\u017ce opracowanie i wykonanie system\u00f3w monitoringu drga\u0144, prognozy wp\u0142yw\u00f3w dynamicznych (w szczeg\u00f3lno\u015bci parasejsmicznych) na obiekty budowlane, oceny oddzia\u0142ywania drga\u0144 na \u015brodowisko (szkodliwo\u015bci drga\u0144 dla budynk\u00f3w i urz\u0105dze\u0144 w budynkach oraz wp\u0142ywu drga\u0144 &hellip; <\/p>\n<p class=\"link-more\"><a href=\"https:\/\/l8.wil.pk.edu.pl\/?page_id=176\" class=\"more-link\">Czytaj dalej<span class=\"screen-reader-text\"> \u201eOferta dla gospodarki\u201d<\/span><\/a><\/p>\n","protected":false},"author":1,"featured_media":0,"parent":0,"menu_order":0,"comment_status":"closed","ping_status":"closed","template":"","meta":{"footnotes":""},"class_list":["post-176","page","type-page","status-publish","hentry"],"_links":{"self":[{"href":"https:\/\/l8.wil.pk.edu.pl\/index.php?rest_route=\/wp\/v2\/pages\/176","targetHints":{"allow":["GET"]}}],"collection":[{"href":"https:\/\/l8.wil.pk.edu.pl\/index.php?rest_route=\/wp\/v2\/pages"}],"about":[{"href":"https:\/\/l8.wil.pk.edu.pl\/index.php?rest_route=\/wp\/v2\/types\/page"}],"author":[{"embeddable":true,"href":"https:\/\/l8.wil.pk.edu.pl\/index.php?rest_route=\/wp\/v2\/users\/1"}],"replies":[{"embeddable":true,"href":"https:\/\/l8.wil.pk.edu.pl\/index.php?rest_route=%2Fwp%2Fv2%2Fcomments&post=176"}],"version-history":[{"count":4,"href":"https:\/\/l8.wil.pk.edu.pl\/index.php?rest_route=\/wp\/v2\/pages\/176\/revisions"}],"predecessor-version":[{"id":221,"href":"https:\/\/l8.wil.pk.edu.pl\/index.php?rest_route=\/wp\/v2\/pages\/176\/revisions\/221"}],"wp:attachment":[{"href":"https:\/\/l8.wil.pk.edu.pl\/index.php?rest_route=%2Fwp%2Fv2%2Fmedia&parent=176"}],"curies":[{"name":"wp","href":"https:\/\/api.w.org\/{rel}","templated":true}]}}